(-4))/(-15). Suppose h*v - 1217 = -425. What is the hundreds digit of v?
1
Let m be 207/(-30) - (-3)/(-30). What is the tens digit of 13*93/(10 + m)?
0
Let y be (-5)/20 + 2/((-24)/(-231)). Suppose -17*g = -y*g + 826. What is the units digit of g?
3
Let d(i) = -3*i**2 - 11*i - 20. Let r(b) = -5*b**2 - 22*b - 39. Let g(c) = 7*d(c) - 4*r(c). Let o be g(13). What is the tens digit of o/10*(1 + -58) - -2?
5
Let r(a) = -2*a**3 - 233*a**2 + 116*a - 37. What is the units digit of r(-118)?
7
Suppose -34*g + 41*g = 497042. What is the ten thousands digit of g?
7
Let a(v) = -13*v + 10. Let k = -144 + 139. What is the units digit of a(k)?
5
Suppose -5*s - 5*m - 1488 = 1267, -5*m = s + 571. Let l be s/9*(-12)/8. Suppose k - l = -i, 4*k - 6*i = -3*i + 385. What is the tens digit of k?
9
Let j = 6231 - 3463. What is the units digit of j?
8
Suppose 6*t - 28202 + 9218 = 0. Suppose -364 = 10*y - t. What is the units digit of y?
0
Let j(x) = -x**3 + 31*x**2 - 56*x + 30. Let q be j(29). What is the thousands digit of 8 - 693/q - (-31598)/16?
1
Let k = 27061 + -16610. What is the ten thousands digit of k?
1
Suppose 20*f = 18*f + 5*i + 34052, -4*i + 51124 = 3*f. What is the tens digit of f?
3
Let c(y) = 2*y**3 + 4*y**2 + 5*y + 1. Let z be (25/10 + -5)*-2. What is the tens digit of c(z)?
7
Let h(w) = -791*w + 679. What is the thousands digit of h(-11)?
9
Let v(o) = 37*o + 2688. What is the hundreds digit of v(-9)?
3
Let h = 866 - 579. Let p = h - -347. What is the tens digit of p?
3
Let k(r) be the second derivative of r**4/6 - r**3/3 + 24*r**2 - 10*r + 1. What is the thousands digit of k(25)?
1
Suppose 120*k - 446165 = 10*k + 235945. What is the units digit of k?
1
Let j(p) = -p**3 - p**2 + 2*p - 1. Let t(q) = -5*q**3 - 8*q**2 + 12*q - 192. Let l(w) = 6*j(w) - t(w). What is the units digit of l(0)?
6
Suppose -13*u + 14*u - 1112 = 5*o, 0 = 5*u - 3*o - 5450. Suppose 34*m = 33*m + u. What is the thousands digit of m?
1
Let a = 100 + -98. Suppose s - 3 = 0, 2838 - 598 = 2*j - a*s. What is the hundreds digit of j?
1
Let p = 5470 + 56515. What is the units digit of p?
5
Suppose -r - 5 = -9. Suppose 2*j = z, 3*j = r*j - 2. Suppose 3*f - 103 = -4*i, -z*f + 62 = -2*f - 4*i. What is the tens digit of f?
3
Suppose -5*b = -3*c - 4 - 0, 3*b + c - 8 = 0. Let d = -155 - -226. Suppose -s = -b - d. What is the tens digit of s?
7
Suppose -5*p - 40 = -0*f - 4*f, p - 4 = 0. Let q be (1 - (-72)/f) + 3/15. Suppose q*x = 481 + 77. What is the units digit of x?
3
Let r be 1 - (-661 - 15/(-5)). Suppose -r + 2131 = 4*b + 4*j, 2*j - 6 = 0. What is the tens digit of b?
6
Suppose 81 = 5*b + 2*y, 28 = 5*b - 5*y - 67. Suppose -3*o = -2*i - 1, 5*i - b = 2*o - 3. Suppose -6*p + 28 = -i*p. What is the tens digit of p?
1
Let k = -14499 - -23270. What is the hundreds digit of k?
7
Suppose 6*w - 101*w + 3755535 = 10*w. What is the units digit of w?
7
Let d be (-110)/(-165)*(31/(-2) + -1). Let t = 74 + -159. Let s = d - t. What is the tens digit of s?
7
Suppose -4*j - 4*h - 36 = 0, -4*j + 2*j + 3*h = 38. Let g(u) = -46*u - 43. What is the tens digit of g(j)?
5
Suppose -7*g + 6*g - 929 = 0. Let p = -206 - g. What is the units digit of p?
3
Let j = 8335 - 4746. Suppose 0 = 4*g - 5*y - 2863, -4*g - g - 4*y + j = 0. What is the tens digit of g?
1
Let p(z) = -3*z**3 - 24*z**2 - 37*z - 39. What is the tens digit of p(-12)?
3
Let t(s) be the second derivative of s**4/2 - 7*s**3 - 13*s**2/2 + 26*s - 1. What is the units digit of t(8)?
5
What is the thousands digit of (2 - 24/9)/((-2)/21246*2)?
3
Let x(f) = -324*f + 5120. What is the units digit of x(-57)?
8
Let m(x) = x**2 + 9*x + 5. Let w be m(0). Suppose -w*o + 1374 = 2*r, 9*o + 4*r + 1392 = 14*o. What is the hundreds digit of o?
2
Suppose 8*y = 23*y - 69240. Suppose -7*m - 5*x + 3*x = -y, 0 = -4*m + 2*x + 2644. What is the units digit of m?
0
Let v = 10237 + -4792. What is the tens digit of v?
4
Let o(v) = 2 + 3 + 2 - 5 - 51*v. Suppose 3*f - 5*c - 12 = 0, -5*c - 25 = 4*f - 6. What is the tens digit of o(f)?
5
Suppose -8*s + 400 = -0*s. Let x = s - 47. Suppose 0 = 3*u - x*t - 369, 14 = u + 3*t - 113. What is the tens digit of u?
2
Let j(d) = d**3 - 4*d**2 - 3*d + 4. Let b be 1/2*2 + 4. Suppose b*k - 45 = -20. What is the tens digit of j(k)?
1
Let y = 48 + -44. Suppose -950 = -y*l - l. Let z = l + -120. What is the units digit of z?
0
Let a = 15344 - 4770. What is the tens digit of a?
7
Suppose a - 569 = 5*b - 46, 5*a + 2*b - 2507 = 0. Let i = -112 + a. What is the tens digit of i?
9
Let g = 59150 + -18623. What is the ten thousands digit of g?
4
Suppose 0 = -2*q - 3*t + 10 + 9, q + 3*t = 14. Suppose -2*b - 3*r = b - 5292, 1764 = b + q*r. Suppose b = 6*k + k. What is the units digit of k?
2
Let k(w) = 12 - 5 + 17*w + 4. Let p(r) = 17*r + 11. Let z(l) = 4*k(l) - 3*p(l). What is the tens digit of z(3)?
6
Let h(q) = 198*q - 12626. What is the units digit of h(77)?
0
Suppose -111524 = 5*y - 54*y. Suppose 31*d + v = 26*d + 5701, 0 = 2*d - 4*v - y. What is the units digit of d?
0
Let g be (-3)/(-2 + (-1 - -4)). Let i be -4 + 6/g + 2. Let l(n) = -n**3 - 2*n**2 + 4*n - 4. What is the units digit of l(i)?
2
Let a(y) = -y**3 - y**2 - y - 5. Let o be a(-4). Suppose 17*v = -14*v - 31. What is the units digit of v/(-1)*(o + 0)?
7
Let g(o) = -1 + 37*o - 6 + 2 - 15*o. Let i(z) = z**3 + 12*z**2 + 2. Let h be i(-12). What is the tens digit of g(h)?
3
Let q = 33563 - 14128. What is the tens digit of q?
3
Let b(i) = 25*i - 54. Let u be b(6). Suppose -2*n = -o - 7, 2*o = -n + o + 5. What is the units digit of (u/2)/2 + n?
8
Let z be (-9 + 13)*20 + 3. Let w be 1 + 2/2 - -68. Suppose -3*t = 2*l - 135, 0 = 3*t - 4*l - z - w. What is the tens digit of t?
4
Let l = 13832 + -13185. What is the hundreds digit of l?
6
Let v(d) = d**2 + 25*d - 38. Let o be v(-26). Let q(a) = -a**3 - 11*a**2 - 20*a - 18. What is the hundreds digit of q(o)?
3
Suppose -29*j + 4*j = -177100. What is the hundreds digit of j?
0
Let s(q) = 12*q + 40. Let r be s(-3). Suppose 0*t - t - 584 = -2*m, r = 2*t. What is the hundreds digit of m?
2
Let t(h) = -14*h + 3. Let c be t(0). Suppose 152 = k - j, 451 = 3*k - c*j + 5*j. What is the hundreds digit of k?
1
Suppose 0 = -5*x - a + 11, 32 - 5 = 5*x - 3*a. Let o be (1 - x)/(2/(-3)). Suppose -r + 6*f - 4*f = -113, 0 = -4*r + o*f + 477. What is the tens digit of r?
2
Suppose 6*k - 8*k = 2*b, k + 3*b = -4. Suppose k*z - 433 = -2*g + 715, g + 5*z - 562 = 0. What is the units digit of g?
7
Let n = 51431 + -29689. What is the ten thousands digit of n?
2
Let c = 684 + -115. Suppose -c*y = -571*y + 1050. What is the tens digit of y?
2
Let u(v) = 2*v**2 + 24*v - 13. Suppose 6*n - n = -3*r - 55, -5 = r + 5*n. What is the hundreds digit of u(r)?
6
Let j = -7239 + 19179. What is the tens digit of j?
4
Suppose 0 = 4*i - 2*h - 125918, -2*i - 2*h - 8552 = -71502. What is the units digit of i?
8
Suppose -2*w + 0*w - 90 = 0. Let j be (-1)/((104/(-1704))/13). Let f = j + w. What is the units digit of f?
8
Suppose -3*s + 22 - 13 = 0. Let i = -47 + 52. Suppose i*p = -s*g + 535, 3*g + 138 - 459 = -3*p. What is the hundreds digit of p?
1
Let d(h) = 392*h - 388*h + 5 + 2 - 3 + 375*h**2. What is the units digit of d(-1)?
5
Let k(c) = -299*c**2 - 8*c - 7. Let b be k(-1). Let z = 487 + b. What is the units digit of z?
9
Let c(h) = 2*h**3 + 3*h + 1366. Suppose -5*u + 10*u = -3*u. What is the hundreds digit of c(u)?
3
Let g(k) = 279*k - 4953. What is the tens digit of g(53)?
3
Let y = -222 - -191. Let u(r) = r**2 - 12*r + 18. What is the units digit of u(y)?
1
Let o = 0 + -41. Let r = o - -61. Let y(l) = -l**3 + 19*l**2 + 23*l - 30. What is the units digit of y(r)?
0
Suppose 0 = 2*s + 30 - 224. Suppose 424 = -4*l + p, 3*l + 0*l = -p - 318. Let a = s - l. What is the units digit of a?
3
Let v = -359 + 666. What is the hundreds digit of v*(-5 + 4)/(-1)?
3
Let t = 26206 + -12473. What is the thousands digit of t?
3
Let s(q) = 75*q**2 + 9*q - 17. Let v be s(3). Suppose -5*n + 1005 - v = 0. What is the units digit of n?
4
Let d be (-1141)/((-10)/5 - -1). Let n = -515 + d. What is the hundreds digit of n?
6
Let k = 2630 + 4029. What is the thousands digit of k?
6
Let s = 27286 + 21103. What is the hundreds digit of s?
3
Suppose -17*h + 6 = -16*h. Let n be (-8)/((-19)/6 - (-9 + h)). Let f = n + 12.